{"id":243833,"date":"2023-01-27T11:03:52","date_gmt":"2023-01-27T11:03:52","guid":{"rendered":"https:\/\/cyprusconferences.org\/14sss\/?page_id=243833"},"modified":"2024-06-10T06:23:30","modified_gmt":"2024-06-10T06:23:30","slug":"program-2","status":"publish","type":"page","link":"https:\/\/cyprusconferences.org\/14sss\/program-2\/","title":{"rendered":"Program PhD"},"content":{"rendered":"<p>[et_pb_section fb_built=&#8221;1&#8243; _builder_version=&#8221;4.18.0&#8243; _module_preset=&#8221;default&#8221; custom_padding=&#8221;||0px|||&#8221; top_divider_style=&#8221;slant2&#8243; top_divider_color=&#8221;#ed9d00&#8243; global_colors_info=&#8221;{}&#8221; da_is_popup=&#8221;off&#8221; da_exit_intent=&#8221;off&#8221; da_has_close=&#8221;on&#8221; da_alt_close=&#8221;off&#8221; da_dark_close=&#8221;off&#8221; da_not_modal=&#8221;on&#8221; da_is_singular=&#8221;off&#8221; da_with_loader=&#8221;off&#8221; da_has_shadow=&#8221;on&#8221; da_disable_devices=&#8221;off|off|off&#8221;][et_pb_row _builder_version=&#8221;4.16&#8243; _module_preset=&#8221;default&#8221; custom_padding=&#8221;||100px|||&#8221; global_colors_info=&#8221;{}&#8221;][et_pb_column type=&#8221;4_4&#8243; _builder_version=&#8221;4.16&#8243; _module_preset=&#8221;default&#8221; global_colors_info=&#8221;{}&#8221;][dvmd_table_maker tbl_title_mode=&#8221;on&#8221; tbl_title_text=&#8221;Detailed Program&#8221; tbl_description_mode=&#8221;on&#8221; tbl_description_text=&#8221;Each presenter will have 20 minutes to present their work. The presentation should be in PowerPoint format.&#8221; tbl_description_position=&#8221;above&#8221; tbl_description_spacing=&#8221;13px&#8221; tbl_top_left_mode=&#8221;on&#8221; disabled_on=&#8221;off|off|off&#8221; _builder_version=&#8221;4.18.0&#8243; _module_preset=&#8221;default&#8221; tbl_title_font=&#8221;|700|||||||&#8221; tbl_title_text_align=&#8221;center&#8221; tbl_description_font=&#8221;|700|||||||&#8221; tbl_description_text_align=&#8221;center&#8221; tbl_description_font_size=&#8221;20px&#8221; global_colors_info=&#8221;{}&#8221;][dvmd_table_maker_item col_content=&#8221;Times in CET<Br>09:45-10:00<br \/>\n10:00-10:45<br \/>\n<cell background=%22#ffffff%22><br \/>\n<cell background=%22#ffffff%22><br \/>\n<b>10:45-13:15<\/b><br \/>\n10:45-11:15<br \/>\n11:15-11:45<br \/>\n11:45-12:15<br \/>\n12:15-12:45<br \/>\n12:45-13:15<br \/>\n<cell background=%22#ffffff%22><br \/>\n<b>14:15-16:15<\/b><br \/>\n14:15-14:45<br \/>\n14:45-15:15<br \/>\n15:15-15:45<br \/>\n15:45-16.15<br \/>\n<cell background=%22#ffffff%22><br \/>\n<b>16:45-18:45<\/b><br \/>\n16:45-17:15<br \/>\n17:15-17:45<br \/>\n17:45-18:15<br \/>\n18:15-18:45&#8243; col_column_max_width=&#8221;0.3fr&#8221; col_tcell_cell_color=&#8221;#ffffff&#8221; col_tcell_cell_align_horz=&#8221;center&#8221; col_tcell_cell_align_vert=&#8221;center&#8221; col_chead_cell_align_horz=&#8221;center&#8221; col_chead_cell_align_vert=&#8221;center&#8221; _builder_version=&#8221;4.18.0&#8243; _module_preset=&#8221;default&#8221; global_colors_info=&#8221;{}&#8221;][\/dvmd_table_maker_item][dvmd_table_maker_item col_content=&#8221;<cell colspan=%222%22><b>OPENING SESSION (in Zoom Room 1)<\/b><\/cell><br \/>\n<cell colspan=%222%22>Keynote Introduction by<br \/><b>Professor Kayvan Karimi<\/b><br \/>in Zoom Room 1<br \/>\n<b>ZOOM ROOM 1<\/b><\/p>\n<h3><span style=%22color:#ff0000;%22>PARALEL SESSION 1<\/h3>\n<p>Moderator: Eleni Hadjinikolaou <br \/>Guest Expert: Ilaria Geddes<br \/><b>HISTORY and URBAN MORPHOLOGY<\/b><br \/>Session 1A<br \/>\nSpatial layout and social organisation of settlements of the 3rd and 2nd millennium BC in the Circumalpine Region.<br \/> <b>Markus Spring<\/b><br \/>\nSpatial evolution and social transformation in historic village: The case of Longmen village in Zhejiang, China. <br \/><b>Xing Liu<\/b><br \/>\nA systematic review of the spatial structure of historic towns with canals across the world. <br \/><b>Merve Okkali Alsavada<\/b><br \/>\nExamining the Transformation of Housing Space Organization in Diyarbak\u0131r Suri\u00e7i Region through the Framework of Space Morphology and Urban Resilience<br \/><b>Berfin Eren, Mehmet Emin \u015ealgamc\u0131o\u011flu<\/b><\/p>\n<p><cell colspan=%222%22><b>LUNCH BREAK<\/b><\/cell><br \/>\nModerator: Christos Hadjichristos<br \/>Guest Expert: Kimon Krentz<br \/><b>URBAN DESIGN AND PLANNING<\/b><br \/> Session 1B<br \/>\nA Data enabled participatory design urban toolkit: Regenerating the Historic Core of Strovolos in Nicosia, Cyprus with an interactive digital twin model<br \/><b>Iason Giraud, Georgios Artopoulos<\/b><br \/>\nUnderstanding the impact of development policy through changes in spatial network: The case of the city Tehran<br \/><b>Sepehr Zhand<\/b><br \/>\nConfigurational Arrangement of Park-centred Urban Design Projects: The case of Tanggu Area in Tianjin, China<br \/><b>Ruihong Jiao<\/b><br \/>\nSpatial analysis and design strategies based on the actual usage of fitness facilities at neighborhood scale<br \/><b>Meng Li, Qiang Sheng<\/b>Meng Li, Qiang Sheng<br \/>\n<cell colspan=%222%22><b>COFFEE BREAK<\/b><\/cell><br \/>\nModerator: Rafaela Christodoulou<br \/>Guest Expert: Akkelies Van Nes<br \/><b>METHODOLOGICAL DEVELOPMENTS<\/b><br \/>Session 1C<br \/>\nExploring Pervasive Centres and Fuzzy Boundaries: A Spatial Analysis of Commercial Regions in Chinese Cities: The case of Shanghai<br \/><b>Demin Hu, Kayvan Karimi, Stephen Law, Kimon Krenz<\/b><br \/>\nEvaluation of council housing estates in the context of spatial integration: the case of Nottingham, United Kingdom<br \/><b>Ozlem Kurtulus<\/b><br \/>\nSpace Syntex moon shot: taking the theory to the next level<br \/><b>Jeff Carnell<\/b><br \/>\nAutism and Domestic Space Location choices of autistic people when in different moods<br \/><b>Christakis Chatzichristou, Pelagia Kavvalou<\/b>&#8221; col_tcell_cell_align_horz=&#8221;center&#8221; col_tcell_cell_align_vert=&#8221;left&#8221; _builder_version=&#8221;4.18.0&#8243; _module_preset=&#8221;default&#8221; global_colors_info=&#8221;{}&#8221;][\/dvmd_table_maker_item][dvmd_table_maker_item col_content=&#8221;<\/p>\n<p><b>ZOOM ROOM 2<\/b><\/p>\n<h3><span style=%22color:#ff0000;%22>PARALEL SESSION 2<\/h3>\n<p>Moderator: Chrystala Psathiti<br \/>Guest Expert: Kerstin Sailer<br \/><b>ARCHITECTURE and COMPLEX BUILDINGS<\/b><br \/>Session 2A<br \/>\nSteven Holl&#8217;s Concept of Parallax as a Tool for Motivating Visitor Movement. A Space Syntax analysis of the Kiasma Museum, Helsinki<br \/><b>Majed AlGhaemdi, Jonathan Hale, Laura Hanks<\/b><br \/>\nStudents\u2019 spatial experience in urban vertical schools<br \/><b>Narges Farahnak Majd, Jill Franz, Jenna Gillett- Swan, Prue Miles, Jill Willis<\/b><br \/>\nRelationship of Organizational Structure and Spatial Configuration in Changing Workplace Environment in the Digital Age<br \/><b>Hicret Aydo\u011fan, Mehmet Emin \u015ealgamc\u0131o\u011flu<\/b><br \/>\nThe Effect of the Use of Iwans in Medieval Islamic Monuments on Spatial Integration and Configuration<br \/><b>Ay\u015fenur Da\u011f G\u00fcrcan<\/b><\/p>\n<p><b>LUNCH BREAK<\/b><br \/>\nModerator: Nadia Charalambous<br \/>Guest Expert: Laura Vaughan<br \/><b>SPACE and SOCIETY<\/b><br \/> Session 2B<br \/>\nThe impact of spatial properties on the social functioning of neighbourhood Green Public Open Spaces (GPOS) in the Tel-Aviv metropolitan area.<br \/><b>Itzhak Omer, Yodan Rof\u00e8, Rina Magen<\/b><br \/>\nHousing the commons: The micromorphological transformation of domestic life in inner-city Nanjing c. 1920s\u20132020s<br \/><b>Yichang Sun<\/b><br \/>\nSpatial Dimension of Urban Inequalities<br \/><b>Aslihan Cetin<\/b><br \/>\nPresence and accessibility of schoolyards in Stockholm: Investigating the potentials of a vision\/orientation depth rate<br \/><b>Matilde Kautsky<\/b><br \/>\n<b>COFFEE BREAK<\/b><br \/>\nModerator: Christos Hadjichristos<BR>Guest Expert: Daniel Koch<br \/><b>ARCHITECTURE and COMPLEX BUILDINGS<\/b><br \/>Session 2C<br \/>\nAn Investigation of the Role of Space in Children\u2019s Game Construction in Primary School Playgrounds<br \/><b>Mine Sak Acur<\/b><br \/>\nA comparative study on the spatial configurations and urban connectivity of the paradigms of enclosed and precinct malls: The cases of Changsha IFS and Chengdu Taikoo Li in China<br \/><b>Yiwei Ou<\/b><br \/>\nSpatial Articulation of Collectiveness: Visual graph analysis of six collective housing projects in Iran and Japan<br \/><b>Ramin Dehbandi, Zoheir Mottaki, Helaleh Cheragh <\/b><br \/>\nElemental Flexibility: Configurations and Reconfigurations of the Projected Space<br \/><b>Rui Vanderlei, Rocha J\u00fanior<\/b>&#8221; col_tcell_cell_align_horz=&#8221;center&#8221; col_tcell_cell_align_vert=&#8221;left&#8221; _builder_version=&#8221;4.18.0&#8243; _module_preset=&#8221;default&#8221; global_colors_info=&#8221;{}&#8221;][\/dvmd_table_maker_item][\/dvmd_table_maker][\/et_pb_column][\/et_pb_row][\/et_pb_section]<\/p>\n","protected":false},"excerpt":{"rendered":"<p><div class=\"et_pb_module dvmd_table_maker dvmd_table_maker_0 dvmd_tm_version_3_1_0\">\n\t\t\t\t\n\t\t\t\t\n\t\t\t\t\n\t\t\t\t\n\t\t\t\t\n\t\t\t\t\n\t\t\t\t<div class=\"et_pb_module_inner\">\n\t\t\t\t\t<h2 id=\"dvmd_tm_title_0\" class=\"dvmd_tm_title\">Detailed Program<\/h2><p id=\"dvmd_tm_description_0\" class=\"dvmd_tm_description\">Each presenter will have 20 minutes to present their work. The presentation should be in PowerPoint format.<\/p>\n\t\t\t\t<\/div>\n\t\t\t<\/div><div class=\"dvmd_outer\">\n\t\t\t\t\n\t\t\t\t\n\t\t\t\t\n\t\t\t\t\n\t\t\t\t\n\t\t\t\t\n\t\t\t\t<div class=\"dvmd_inner\">\n\t\t\t\t\t\n\t\t\t\t<\/div>\n\t\t\t<\/div><\/p>\n","protected":false},"author":4,"featured_media":0,"parent":0,"menu_order":0,"comment_status":"closed","ping_status":"closed","template":"","meta":{"_et_pb_use_builder":"on","_et_pb_old_content":"","_et_gb_content_width":""},"_links":{"self":[{"href":"https:\/\/cyprusconferences.org\/14sss\/wp-json\/wp\/v2\/pages\/243833"}],"collection":[{"href":"https:\/\/cyprusconferences.org\/14sss\/wp-json\/wp\/v2\/pages"}],"about":[{"href":"https:\/\/cyprusconferences.org\/14sss\/wp-json\/wp\/v2\/types\/page"}],"author":[{"embeddable":true,"href":"https:\/\/cyprusconferences.org\/14sss\/wp-json\/wp\/v2\/users\/4"}],"replies":[{"embeddable":true,"href":"https:\/\/cyprusconferences.org\/14sss\/wp-json\/wp\/v2\/comments?post=243833"}],"version-history":[{"count":26,"href":"https:\/\/cyprusconferences.org\/14sss\/wp-json\/wp\/v2\/pages\/243833\/revisions"}],"predecessor-version":[{"id":244329,"href":"https:\/\/cyprusconferences.org\/14sss\/wp-json\/wp\/v2\/pages\/243833\/revisions\/244329"}],"wp:attachment":[{"href":"https:\/\/cyprusconferences.org\/14sss\/wp-json\/wp\/v2\/media?parent=243833"}],"curies":[{"name":"wp","href":"https:\/\/api.w.org\/{rel}","templated":true}]}}