{"id":1332,"date":"2021-09-23T13:08:19","date_gmt":"2021-09-23T13:08:19","guid":{"rendered":"https:\/\/cyprusconferences.org\/recdce2021\/?page_id=1332"},"modified":"2021-09-30T08:13:22","modified_gmt":"2021-09-30T08:13:22","slug":"scientific-committee","status":"publish","type":"page","link":"https:\/\/cyprusconferences.org\/recdce2021\/scientific-committee\/","title":{"rendered":"Scientific Committee"},"content":{"rendered":"<p>[et_pb_section fb_built=&#8221;1&#8243; next_background_color=&#8221;#ffffff&#8221; _builder_version=&#8221;4.10.7&#8243; _module_preset=&#8221;default&#8221; custom_padding=&#8221;55px||73px|||&#8221; bottom_divider_style=&#8221;mountains2&#8243; bottom_divider_flip=&#8221;vertical&#8221; hover_enabled=&#8221;0&#8243; global_colors_info=&#8221;{}&#8221; background_enable_image=&#8221;off&#8221; use_background_color_gradient=&#8221;on&#8221; background_color_gradient_end=&#8221;#2b87da&#8221; background_color_gradient_start=&#8221;#004b84&#8243; sticky_enabled=&#8221;0&#8243;][et_pb_row _builder_version=&#8221;4.10.7&#8243; _module_preset=&#8221;default&#8221; global_colors_info=&#8221;{}&#8221;][et_pb_column type=&#8221;4_4&#8243; _builder_version=&#8221;4.10.7&#8243; _module_preset=&#8221;default&#8221; global_colors_info=&#8221;{}&#8221;][et_pb_text _builder_version=&#8221;4.10.7&#8243; _module_preset=&#8221;default&#8221; global_colors_info=&#8221;{}&#8221;]<\/p>\n<h2><span style=\"color: #ffffff;\">Scientific Committee<\/span><\/h2>\n<p>[\/et_pb_text][\/et_pb_column][\/et_pb_row][\/et_pb_section][et_pb_section fb_built=&#8221;1&#8243; _builder_version=&#8221;4.10.7&#8243; _module_preset=&#8221;default&#8221; custom_margin=&#8221;-5px|||||&#8221; global_colors_info=&#8221;{}&#8221;][et_pb_row _builder_version=&#8221;4.10.7&#8243; _module_preset=&#8221;default&#8221; custom_margin=&#8221;68px|auto||auto||&#8221; global_colors_info=&#8221;{}&#8221;][et_pb_column type=&#8221;4_4&#8243; _builder_version=&#8221;4.10.7&#8243; _module_preset=&#8221;default&#8221; global_colors_info=&#8221;{}&#8221;][et_pb_text _builder_version=&#8221;4.10.7&#8243; _module_preset=&#8221;default&#8221; custom_padding=&#8221;||16px|||&#8221; global_colors_info=&#8221;{}&#8221;]<\/p>\n<h3><strong>Conference Chairs<\/strong><\/h3>\n<p>[\/et_pb_text][\/et_pb_column][\/et_pb_row][\/et_pb_section][et_pb_section fb_built=&#8221;1&#8243; _builder_version=&#8221;4.10.7&#8243; _module_preset=&#8221;default&#8221; custom_margin=&#8221;-5px|||||&#8221; global_colors_info=&#8221;{}&#8221;][et_pb_row _builder_version=&#8221;4.10.7&#8243; _module_preset=&#8221;default&#8221; global_colors_info=&#8221;{}&#8221;][et_pb_column type=&#8221;4_4&#8243; _builder_version=&#8221;4.10.7&#8243; _module_preset=&#8221;default&#8221; global_colors_info=&#8221;{}&#8221;][et_pb_text _builder_version=&#8221;4.10.7&#8243; _module_preset=&#8221;default&#8221; global_colors_info=&#8221;{}&#8221;]<\/p>\n<p><strong>Dimitris Trimithiotis<\/strong> (University of Cyprus)<\/p>\n<p><strong>Sophia Stavrou<\/strong> (University of Cyprus)<\/p>\n<p>[\/et_pb_text][\/et_pb_column][\/et_pb_row][et_pb_row _builder_version=&#8221;4.10.7&#8243; _module_preset=&#8221;default&#8221; global_colors_info=&#8221;{}&#8221;][et_pb_column type=&#8221;4_4&#8243; _builder_version=&#8221;4.10.7&#8243; _module_preset=&#8221;default&#8221; global_colors_info=&#8221;{}&#8221;][et_pb_divider _builder_version=&#8221;4.10.7&#8243; _module_preset=&#8221;default&#8221; min_height=&#8221;18.8px&#8221; custom_margin=&#8221;-4px|||||&#8221; custom_padding=&#8221;6px|||||&#8221; global_colors_info=&#8221;{}&#8221;][\/et_pb_divider][\/et_pb_column][\/et_pb_row][et_pb_row _builder_version=&#8221;4.10.7&#8243; _module_preset=&#8221;default&#8221; global_colors_info=&#8221;{}&#8221;][et_pb_column type=&#8221;4_4&#8243; _builder_version=&#8221;4.10.7&#8243; _module_preset=&#8221;default&#8221; global_colors_info=&#8221;{}&#8221;][et_pb_text _builder_version=&#8221;4.10.7&#8243; _module_preset=&#8221;default&#8221; custom_margin=&#8221;-8px||-7px|||&#8221; global_colors_info=&#8221;{}&#8221;]<\/p>\n<h3><strong>Scientific committee<\/strong><\/h3>\n<p>[\/et_pb_text][\/et_pb_column][\/et_pb_row][et_pb_row column_structure=&#8221;1_2,1_2&#8243; _builder_version=&#8221;4.10.7&#8243; _module_preset=&#8221;default&#8221; min_height=&#8221;371.8px&#8221; custom_padding=&#8221;19px|||||&#8221; global_colors_info=&#8221;{}&#8221;][et_pb_column type=&#8221;1_2&#8243; _builder_version=&#8221;4.10.7&#8243; _module_preset=&#8221;default&#8221; global_colors_info=&#8221;{}&#8221;][et_pb_text _builder_version=&#8221;4.10.7&#8243; _module_preset=&#8221;default&#8221; custom_margin=&#8221;7px|||||&#8221; custom_padding=&#8221;0px|||||&#8221; global_colors_info=&#8221;{}&#8221;]<\/p>\n<p><strong>Julien AUBOUSSIER<\/strong> (Universit\u00e9 Lumi\u00e8re Lyon 2)<br \/><strong>Fabienne BAIDER<\/strong> (University of Cyprus)<br \/><strong>Antonis ELLINAS<\/strong> (University of Cyprus)<br \/><strong>Giorgos CHARALAMBOUS<\/strong> (University of Nicosia)<br \/><strong>Juliette CHARBONNEAUX<\/strong> (Sorbonne Universit\u00e9)<br \/><strong>Miranda CHRISTOU<\/strong> (University of Cyprus)<br \/><strong>Costas M. CONSTANTINOU<\/strong> (University of Cyprus)<br \/><strong>Corinne GOBIN<\/strong> (Universit\u00e9 Libre de Bruxelles)<br \/><strong>Elena IOANNIDOU<\/strong> (University of Cyprus)<br \/><strong>Nayia KAMENOU<\/strong> (University of Cyprus)<\/p>\n<p>[\/et_pb_text][\/et_pb_column][et_pb_column type=&#8221;1_2&#8243; _builder_version=&#8221;4.10.7&#8243; _module_preset=&#8221;default&#8221; global_colors_info=&#8221;{}&#8221;][et_pb_text _builder_version=&#8221;4.10.7&#8243; _module_preset=&#8221;default&#8221; global_colors_info=&#8221;{}&#8221;]<\/p>\n<p><strong>Dimitra MILIONI<\/strong> (Cyprus University of Technology)<br \/><strong>Coco NOREN<\/strong> (Uppsala University)<br \/><strong>Claire OGER<\/strong> (Universit\u00e9 Paris-Est Cr\u00e9teil)<br \/><strong>Venetia PAPA<\/strong> (University of Cyprus)<br \/><strong>Valentina PRICOPIE<\/strong> (Romanian Academy)<br \/><strong>Rachele RAUS<\/strong> (Universit\u00e9 de Turin)<br \/><strong>Lumini\u021ba RO\u0218CA<\/strong> (Universit\u00e9 de Bucarest)<br \/><strong>Sophia STAVROU<\/strong> (University of Cyprus)<br \/><strong>Nicos TRIMIKLINIOTIS<\/strong> (University of Nicosia)<br \/><strong>Dimitris TRIMITHIOTIS<\/strong> (University of Cyprus)<br \/><strong>Ruth WODAK<\/strong> (Lancaster University)<\/p>\n<p>[\/et_pb_text][\/et_pb_column][\/et_pb_row][\/et_pb_section]<\/p>\n","protected":false},"excerpt":{"rendered":"<p>Scientific CommitteeConference ChairsDimitris Trimithiotis (University of Cyprus) Sophia Stavrou (University of Cyprus)Scientific committeeJulien AUBOUSSIER (Universit\u00e9 Lumi\u00e8re Lyon 2)Fabienne BAIDER (University of Cyprus)Antonis ELLINAS (University of Cyprus)Giorgos CHARALAMBOUS (University of Nicosia)Juliette CHARBONNEAUX (Sorbonne Universit\u00e9)Miranda CHRISTOU (University of Cyprus)Costas M. CONSTANTINOU (University of Cyprus)Corinne GOBIN (Universit\u00e9 Libre de Bruxelles)Elena IOANNIDOU (University of Cyprus)Nayia KAMENOU (University of Cyprus)Dimitra MILIONI (Cyprus University of Technology)Coco NOREN (Uppsala University)Claire OGER (Universit\u00e9 Paris-Est Cr\u00e9teil)Venetia PAPA (University of Cyprus)Valentina PRICOPIE (Romanian Academy)Rachele RAUS (Universit\u00e9 de Turin)Lumini\u021ba RO\u0218CA (Universit\u00e9 de Bucarest)Sophia STAVROU (University of Cyprus)Nicos TRIMIKLINIOTIS (University of Nicosia)Dimitris TRIMITHIOTIS (University of Cyprus)Ruth WODAK (Lancaster University)<\/p>\n","protected":false},"author":3,"featured_media":0,"parent":0,"menu_order":0,"comment_status":"closed","ping_status":"closed","template":"","meta":{"_et_pb_use_builder":"on","_et_pb_old_content":"","_et_gb_content_width":""},"_links":{"self":[{"href":"https:\/\/cyprusconferences.org\/recdce2021\/wp-json\/wp\/v2\/pages\/1332"}],"collection":[{"href":"https:\/\/cyprusconferences.org\/recdce2021\/wp-json\/wp\/v2\/pages"}],"about":[{"href":"https:\/\/cyprusconferences.org\/recdce2021\/wp-json\/wp\/v2\/types\/page"}],"author":[{"embeddable":true,"href":"https:\/\/cyprusconferences.org\/recdce2021\/wp-json\/wp\/v2\/users\/3"}],"replies":[{"embeddable":true,"href":"https:\/\/cyprusconferences.org\/recdce2021\/wp-json\/wp\/v2\/comments?post=1332"}],"version-history":[{"count":7,"href":"https:\/\/cyprusconferences.org\/recdce2021\/wp-json\/wp\/v2\/pages\/1332\/revisions"}],"predecessor-version":[{"id":1532,"href":"https:\/\/cyprusconferences.org\/recdce2021\/wp-json\/wp\/v2\/pages\/1332\/revisions\/1532"}],"wp:attachment":[{"href":"https:\/\/cyprusconferences.org\/recdce2021\/wp-json\/wp\/v2\/media?parent=1332"}],"curies":[{"name":"wp","href":"https:\/\/api.w.org\/{rel}","templated":true}]}}