{"id":52,"date":"2021-04-08T09:10:45","date_gmt":"2021-04-08T09:10:45","guid":{"rendered":"https:\/\/cyprusconferences.org\/mpu2022\/?page_id=52"},"modified":"2025-07-14T12:18:38","modified_gmt":"2025-07-14T12:18:38","slug":"program","status":"publish","type":"page","link":"https:\/\/cyprusconferences.org\/tase2025\/program\/","title":{"rendered":"Program"},"content":{"rendered":"<p>[et_pb_section fb_built=&#8221;1&#8243; _builder_version=&#8221;4.22.2&#8243; background_image=&#8221;https:\/\/cyprusconferences.org\/tase2025\/wp-content\/uploads\/2023\/05\/24857899916_6d7d641e3e_o-scaled-1.jpg&#8221; background_blend=&#8221;luminosity&#8221; global_colors_info=&#8221;{}&#8221;][et_pb_row _builder_version=&#8221;4.16&#8243; global_colors_info=&#8221;{}&#8221;][et_pb_column type=&#8221;4_4&#8243; _builder_version=&#8221;4.16&#8243; global_colors_info=&#8221;{}&#8221;][et_pb_text _builder_version=&#8221;4.22.2&#8243; header_font=&#8221;|800|||||||&#8221; header_text_color=&#8221;#FFFFFF&#8221; header_font_size=&#8221;35px&#8221; global_colors_info=&#8221;{}&#8221;]<\/p>\n<h1 style=\"text-align: left;\">Program<\/h1>\n<p>[\/et_pb_text][\/et_pb_column][\/et_pb_row][\/et_pb_section][et_pb_section fb_built=&#8221;1&#8243; _builder_version=&#8221;4.16&#8243; global_colors_info=&#8221;{}&#8221;][et_pb_row _builder_version=&#8221;4.27.4&#8243; _module_preset=&#8221;default&#8221; global_colors_info=&#8221;{}&#8221;][et_pb_column type=&#8221;4_4&#8243; _builder_version=&#8221;4.27.4&#8243; _module_preset=&#8221;default&#8221; global_colors_info=&#8221;{}&#8221;][et_pb_button button_url=&#8221;https:\/\/cyprusconferences.org\/tase2025\/digital-handbook\/&#8221; url_new_window=&#8221;on&#8221; button_text=&#8221;Digital Handbook&#8221; button_alignment=&#8221;left&#8221; _builder_version=&#8221;4.27.4&#8243; _module_preset=&#8221;default&#8221; custom_button=&#8221;on&#8221; button_text_color=&#8221;gcid-heading-color&#8221; global_colors_info=&#8221;{%22gcid-heading-color%22:%91%22button_text_color%22%93}&#8221;][\/et_pb_button][et_pb_tabs _builder_version=&#8221;4.27.4&#8243; _module_preset=&#8221;default&#8221; hover_enabled=&#8221;0&#8243; global_colors_info=&#8221;{}&#8221; sticky_enabled=&#8221;0&#8243;][et_pb_tab title=&#8221;Monday 14\/07&#8243; _builder_version=&#8221;4.27.4&#8243; _module_preset=&#8221;default&#8221; hover_enabled=&#8221;0&#8243; global_colors_info=&#8221;{}&#8221; sticky_enabled=&#8221;0&#8243;]<\/p>\n<h2 style=\"margin-bottom: 10px; color: #e74e11;\">Monday Schedule<\/h2>\n<table style=\"width: 100%; border-collapse: collapse; margin-bottom: 30px; border: 2px solid #cccccc; height: 1114px;\">\n<tbody>\n<tr style=\"height: 23px;\">\n<th style=\"width: 19.0616%; border: 1px solid #cccccc; padding: 12px; background-color: #e74e11; color: white; text-align: center; height: 23px;\">Time<\/th>\n<th style=\"border: 1px solid #cccccc; padding: 12px; background-color: #e74e11; color: white; text-align: center; width: 33.1378%; height: 23px;\">Session<\/th>\n<th style=\"border: 1px solid #cccccc; padding: 12px; background-color: #e74e11; color: white; text-align: center; width: 47.5074%; height: 23px;\">Talk<\/th>\n<\/tr>\n<tr style=\"height: 95px;\">\n<td style=\"border: 1px solid #cccccc; padding: 12px; width: 19.0616%; height: 95px; text-align: center;\">9:00 &#8211; 10:00<\/td>\n<td style=\"border: 1px solid #cccccc; padding: 12px; text-align: left; width: 33.1378%; height: 95px;\"><strong>Invited talk by Konstantinos Sagonas<\/strong><br \/>\nSession Chair: Philipp R\u00fcmmer<\/td>\n<td style=\"border: 1px solid #cccccc; padding: 12px; width: 47.5074%; height: 95px;\">Optimal Algorithms for Stateless Model Checking<\/td>\n<\/tr>\n<tr style=\"height: 119px;\">\n<td style=\"border: 1px solid #cccccc; padding: 12px; width: 19.0616%; height: 119px; text-align: center;\">10:00 &#8211; 10:30<\/td>\n<td style=\"border: 1px solid #cccccc; padding: 12px; text-align: left; width: 33.1378%; height: 119px;\"><strong>Program Verification<\/strong><br \/>\nSession Chair: Philipp R\u00fcmmer<\/td>\n<td style=\"border: 1px solid #cccccc; padding: 12px; width: 47.5074%; height: 119px;\">Testing-Based Formal Verification with Program Slicing on Functional Soundness and Completeness<br \/>\n<em>Ai Liu, Yang Liu, Shaoying Liu and Zhibin Yang<\/em><\/td>\n<\/tr>\n<tr style=\"height: 23px;\">\n<td colspan=\"3\" style=\"border: 1px solid #cccccc; padding: 12px; background-color: #f6cdbc; font-weight: bold; text-align: center; width: 99.7068%; height: 23px;\">Coffee break<\/td>\n<\/tr>\n<tr style=\"height: 71px;\">\n<td style=\"border: 1px solid #cccccc; padding: 12px; width: 19.0616%; height: 71px; text-align: center;\">11:00 &#8211; 11:30<\/td>\n<td rowspan=\"3\" style=\"border: 1px solid #cccccc; padding: 12px; vertical-align: middle; width: 33.1378%; text-align: left; height: 309px;\"><strong>Program Verification<br \/>\n<\/strong>Session Chair: Konstantinos Sagonas<\/td>\n<td style=\"border: 1px solid #cccccc; padding: 12px; width: 47.5074%; height: 71px;\">Dependent Assertion Logic for Modular Software Verification<br \/>\n<em>Lukas Gr\u00e4tz<\/em><\/td>\n<\/tr>\n<tr style=\"height: 119px;\">\n<td style=\"border: 1px solid #cccccc; padding: 12px; width: 19.0616%; height: 119px; text-align: center;\">11:30 &#8211; 12:00<\/td>\n<td style=\"border: 1px solid #cccccc; padding: 12px; width: 47.5074%; height: 119px;\">A Formal Framework for Naturally Specifying and Verifying Sequential Algorithms<br \/>\n<em>Chengxi Yang, Shushu Wu and Qinxiang Cao<\/em><\/td>\n<\/tr>\n<tr style=\"height: 119px;\">\n<td style=\"border: 1px solid #cccccc; padding: 12px; width: 19.0616%; height: 119px; text-align: center;\">12:00 &#8211; 12:30<\/td>\n<td style=\"border: 1px solid #cccccc; padding: 12px; width: 47.5074%; height: 119px;\">Machine-Checked Compositional Specification and Proofs for Embedded Systems<br \/>\n<em>Karl Palmskog, Mattias Nyberg and Dilian Gurov<\/em><\/td>\n<\/tr>\n<tr style=\"height: 23px;\">\n<td colspan=\"3\" style=\"border: 1px solid #cccccc; padding: 12px; background-color: #f6cdbc; font-weight: bold; text-align: center; width: 99.7068%; height: 23px;\">Lunch break<\/td>\n<\/tr>\n<tr style=\"height: 95px;\">\n<td style=\"border: 1px solid #cccccc; padding: 12px; width: 19.0616%; height: 95px; text-align: center;\">14:00 &#8211; 14:30<\/td>\n<td rowspan=\"3\" style=\"border: 1px solid #cccccc; padding: 12px; vertical-align: middle; width: 33.1378%; text-align: left; height: 261px;\"><strong>Verification and Concurrency<\/strong><br \/>\nSession Chair: Shaoying Liu<\/td>\n<td style=\"border: 1px solid #cccccc; padding: 12px; width: 47.5074%; height: 95px;\">Failure divergence refinement for Event-B<br \/>\n<em>Sebastian Stock, Michael Leuschel and Atif Mashkoor<\/em><\/td>\n<\/tr>\n<tr style=\"height: 71px;\">\n<td style=\"border: 1px solid #cccccc; padding: 12px; width: 19.0616%; height: 71px; text-align: center;\">14:30 &#8211; 15:00<\/td>\n<td style=\"border: 1px solid #cccccc; padding: 12px; width: 47.5074%; height: 71px;\">Mining Diamonds in labeled Transition Systems<br \/>\n<em>Flip van Spaendonck and Kevin Jilissen<\/em><\/td>\n<\/tr>\n<tr style=\"height: 95px;\">\n<td style=\"border: 1px solid #cccccc; padding: 12px; width: 19.0616%; height: 95px; text-align: center;\">15:00 &#8211; 15:30<\/td>\n<td style=\"border: 1px solid #cccccc; padding: 12px; width: 47.5074%; height: 95px;\">Portability of Optimizations from SC to TSO<br \/>\n<em>Akshay Gopalakrishnan and Clark Verbrugge<\/em><\/td>\n<\/tr>\n<tr style=\"height: 23px;\">\n<td colspan=\"3\" style=\"border: 1px solid #cccccc; padding: 12px; background-color: #f6cdbc; font-weight: bold; text-align: center; width: 99.7068%; height: 23px;\">Coffee break<\/td>\n<\/tr>\n<tr style=\"height: 119px;\">\n<td style=\"border: 1px solid #cccccc; padding: 12px; width: 19.0616%; height: 119px; text-align: center;\">16:00 &#8211; 16:30<\/td>\n<td rowspan=\"2\" style=\"border: 1px solid #cccccc; padding: 12px; vertical-align: middle; width: 33.1378%; height: 238px; text-align: left;\"><strong>SAT and SMT Solving<\/strong><br \/>\nSession Chair: Lucas C. Cordeiro<\/td>\n<td style=\"border: 1px solid #cccccc; padding: 12px; width: 47.5074%; height: 119px;\">Adaptive Clause Management in SMT Solvers: A Dynamic Weighting Framework for Formal Verification<br \/>\n<em>Wenda Leng, Meihua Liu and Yufeng Jin<\/em><\/td>\n<\/tr>\n<tr style=\"height: 119px;\">\n<td style=\"border: 1px solid #cccccc; padding: 12px; width: 19.0616%; height: 119px; text-align: center;\">16:30 &#8211; 17:00<\/td>\n<td style=\"border: 1px solid #cccccc; padding: 12px; width: 47.5074%; height: 119px;\">SNRWLS: Improve (W)PMS Solver with Weighting Strategies Related to Number of Soft Clauses<br \/>\n<em>Chen Shuhao, Jiang Menghua and Chen Yin<\/em><\/td>\n<\/tr>\n<tr>\n<td style=\"border: 1px solid #cccccc; padding: 12px; width: 19.0616%; text-align: center; background-color: #f6cdbc;\">19:00 &#8211; 20:30<\/td>\n<td colspan=\"2\" style=\"border: 1px solid #cccccc; padding: 12px; width: 80.9384%; vertical-align: middle; text-align: center; background-color: #f6cdbc;\"><strong>Welcome Reception<\/strong><\/td>\n<\/tr>\n<\/tbody>\n<\/table>\n<p>&nbsp;[\/et_pb_tab][et_pb_tab title=&#8221;Tuesday 15\/07&#8243; _builder_version=&#8221;4.27.4&#8243; _module_preset=&#8221;default&#8221; hover_enabled=&#8221;0&#8243; global_colors_info=&#8221;{}&#8221; sticky_enabled=&#8221;0&#8243;]<\/p>\n<h2 style=\"margin-bottom: 10px; color: #352b6d;\">Tuesday Schedule<\/h2>\n<table style=\"width: 100%; border-collapse: collapse; margin-bottom: 30px; border: 2px solid #cccccc; height: 781px;\">\n<tbody>\n<tr style=\"height: 23px;\">\n<th style=\"border: 1px solid #cccccc; padding: 12px; background-color: #352b6d; color: white; width: 17.2061%; text-align: center; height: 23px;\">Time<\/th>\n<th style=\"border: 1px solid #cccccc; padding: 12px; background-color: #352b6d; color: white; text-align: center; width: 26.9482%; height: 23px;\">Session<\/th>\n<th style=\"border: 1px solid #cccccc; padding: 12px; background-color: #352b6d; color: white; text-align: center; width: 71.0356%; height: 23px;\">Talk<\/th>\n<\/tr>\n<tr style=\"height: 71px;\">\n<td style=\"border: 1px solid #cccccc; padding: 12px; width: 17.2061%; height: 71px; text-align: center;\">9:00 &#8211; 10:00<\/td>\n<td style=\"border: 1px solid #cccccc; padding: 12px; width: 26.9482%; text-align: left; height: 71px;\"><strong>Invited talk by Min Zhang<\/strong><br \/>Session Chair: Zhilin Wu<\/td>\n<td style=\"border: 1px solid #cccccc; padding: 12px; width: 71.0356%; height: 71px;\">Safeguarding deep reinforcement learning systems via formal methods: From safety-by-design to runtime assurance<\/td>\n<\/tr>\n<tr style=\"height: 95px;\">\n<td style=\"border: 1px solid #cccccc; padding: 12px; width: 17.2061%; height: 95px; text-align: center;\">10:00 &#8211; 10:30<\/td>\n<td style=\"border: 1px solid #cccccc; padding: 12px; width: 26.9482%; text-align: left; height: 95px;\"><strong>Trustworthy AI and System Software<br \/><\/strong>Session Chair: Zhilin Wu<\/td>\n<td style=\"border: 1px solid #cccccc; padding: 12px; width: 71.0356%; height: 95px;\">Robust Deep Reinforcement Learning Using Formal Verification<br \/><em>Avraham Raviv, Shaiel Vistuch, Erel Dekel, Boaz Gurevich and Hillel Kugler<\/em><\/td>\n<\/tr>\n<tr style=\"height: 23px;\">\n<td colspan=\"3\" style=\"border: 1px solid #cccccc; padding: 12px; background-color: #c2bfd3; font-weight: bold; width: 115.19%; height: 23px; text-align: center;\">Coffee break<\/td>\n<\/tr>\n<tr style=\"height: 95px;\">\n<td style=\"border: 1px solid #cccccc; padding: 12px; width: 17.2061%; height: 95px; text-align: center;\">11:00 &#8211; 11:30<\/td>\n<td rowspan=\"3\" style=\"border: 1px solid #cccccc; padding: 12px; vertical-align: middle; width: 26.9482%; text-align: left; height: 285px;\"><strong>Trustworthy AI and System Software<br \/><\/strong>Session Chair: Min Zhang<\/td>\n<td style=\"border: 1px solid #cccccc; padding: 12px; width: 71.0356%; height: 95px;\">A Formally Verified Neural Network Converter for the Interactive Theorem Prover Coq<br \/><em>Leo Alexander Gummersbach, Kim V\u00f6llinger and Andrei Aleksandrov<\/em><\/td>\n<\/tr>\n<tr style=\"height: 95px;\">\n<td style=\"border: 1px solid #cccccc; padding: 12px; width: 17.2061%; height: 95px; text-align: center;\">11:30 &#8211; 12:00<\/td>\n<td style=\"border: 1px solid #cccccc; padding: 12px; width: 71.0356%; height: 95px;\">COMPASS: An Agent for MLIR Compilation Pass Pipeline Generation<br \/><em>Hongbin Zhang, Shihao Gao, Yang Liu, Mingjie Xing, Yanjun Wu and Chen Zhao<\/em><\/td>\n<\/tr>\n<tr style=\"height: 95px;\">\n<td style=\"border: 1px solid #cccccc; padding: 12px; width: 17.2061%; height: 95px; text-align: center;\">12:00 &#8211; 12:30<\/td>\n<td style=\"border: 1px solid #cccccc; padding: 12px; width: 71.0356%; height: 95px;\">Stable Ranges: Shared Dichotomy in Large Version-Controlled Repositories<br \/><em>Laurent Bulteau, Pierre-Yves David, Florian Horn and Euxane Tran-Girard<\/em><\/td>\n<\/tr>\n<tr style=\"height: 23px;\">\n<td colspan=\"3\" style=\"border: 1px solid #cccccc; padding: 12px; background-color: #c2bfd3; font-weight: bold; width: 115.19%; height: 23px; text-align: center;\">Lunch break<\/td>\n<\/tr>\n<tr style=\"height: 119px;\">\n<td style=\"border: 1px solid #cccccc; padding: 12px; width: 17.2061%; height: 119px; text-align: center;\">14:00 &#8211; 14:30<\/td>\n<td rowspan=\"2\" style=\"border: 1px solid #cccccc; padding: 12px; vertical-align: middle; width: 26.9482%; text-align: left; height: 238px;\"><strong>Program Analysis using ML<\/strong><br \/>Session Chair: Hillel Kugler<\/td>\n<td style=\"border: 1px solid #cccccc; padding: 12px; width: 71.0356%; height: 119px;\">CASTLE: Benchmarking Dataset for Static Code Analyzers and LLMs towards CWE Detection<br \/><em>Richard A. Dubniczky, Krisztofer Zolt\u00e1n Horv\u00e1t, Tam\u00e1s Bisztray, Mohamed Amine Ferrag, Lucas C. Cordeiro and Norbert Tihanyi<\/em><\/td>\n<\/tr>\n<tr style=\"height: 119px;\">\n<td style=\"border: 1px solid #cccccc; padding: 12px; width: 17.2061%; height: 119px; text-align: center;\">14:30 &#8211; 15:00<\/td>\n<td style=\"border: 1px solid #cccccc; padding: 12px; width: 71.0356%; height: 119px;\">FAMiT: Mitigating False Alarms for Program Analysis Using Large Language Models (Short paper)<br \/><em>Jiabao Zeng, Yuanlin Li, Ran Zhang, Yuanmin Xie, Kejia Li and Min Zhou<\/em><\/td>\n<\/tr>\n<tr style=\"height: 23px;\">\n<td style=\"border: 1px solid #cccccc; background-color: #c2bfd3; padding: 12px; width: 17.2061%; height: 23px; text-align: center;\">17:15<\/td>\n<td colspan=\"2\" style=\"border: 1px solid #cccccc; background-color: #c2bfd3; padding: 12px; text-align: center; vertical-align: middle; width: 97.9838%; height: 23px;\"><strong>Tour &amp; Dinner<\/strong><\/td>\n<\/tr>\n<\/tbody>\n<\/table>\n<p>&nbsp;<\/p>\n<p>[\/et_pb_tab][et_pb_tab title=&#8221;Wednesday 16\/07&#8243; _builder_version=&#8221;4.27.4&#8243; _module_preset=&#8221;default&#8221; global_colors_info=&#8221;{}&#8221;]<\/p>\n<h2 style=\"margin-bottom: 10px; color: #2b2935;\">Wednesday Schedule<\/h2>\n<table style=\"width: 100%; border-collapse: collapse; margin-bottom: 30px; border: 2px solid #ccc;\">\n<tbody>\n<tr>\n<th style=\"border: 1px solid #cccccc; padding: 12px; background-color: #2b2935; color: white; width: 16.8621%; text-align: center;\">Time<\/th>\n<th style=\"border: 1px solid #cccccc; padding: 12px; background-color: #2b2935; color: white; text-align: center; width: 26.6863%;\">Session<\/th>\n<th style=\"border: 1px solid #cccccc; padding: 12px; background-color: #2b2935; color: white; text-align: center; width: 56.305%;\">Talk<\/th>\n<\/tr>\n<tr>\n<td style=\"border: 1px solid #cccccc; padding: 12px; width: 16.8621%; text-align: center;\">9:00 &#8211; 9:30<\/td>\n<td rowspan=\"3\" style=\"border: 1px solid #cccccc; padding: 12px; vertical-align: middle; text-align: left; width: 26.6863%;\"><strong>Security<\/strong><br \/>Session Chair: Karl Palmskog<\/td>\n<td style=\"border: 1px solid #cccccc; padding: 12px; width: 56.305%;\">A Cross-domain Data Sharing Scheme Based on Federated Blockchain<br \/><em>Honglin Mao, Jie Zhang, Yao Zhang and Xiaohong Li<\/em><\/td>\n<\/tr>\n<tr>\n<td style=\"border: 1px solid #cccccc; padding: 12px; width: 16.8621%; text-align: center;\">9:30 &#8211; 10:00<\/td>\n<td style=\"border: 1px solid #cccccc; padding: 12px; width: 56.305%;\">Operational Semantics for Crystality: A Smart Contract Language for Parallel EVMs<br \/><em>Ziyun Xu, Hao Wang and Meng Sun<\/em><\/td>\n<\/tr>\n<tr>\n<td style=\"border: 1px solid #cccccc; padding: 12px; width: 16.8621%; text-align: center;\">10:00 &#8211; 10:30<\/td>\n<td style=\"border: 1px solid #cccccc; padding: 12px; width: 56.305%;\">Detecting speculative data flow vulnerabilities using weakest precondition reasoning<br \/><em>Graeme Smith<\/em><\/td>\n<\/tr>\n<tr>\n<td colspan=\"3\" style=\"border: 1px solid #cccccc; padding: 12px; background-color: #c5c4c8; font-weight: bold; text-align: center; width: 99.8534%;\">Coffee break<\/td>\n<\/tr>\n<tr>\n<td style=\"border: 1px solid #cccccc; padding: 12px; width: 16.8621%; text-align: center;\">11:00 &#8211; 11:30<\/td>\n<td rowspan=\"3\" style=\"border: 1px solid #cccccc; padding: 12px; vertical-align: middle; text-align: left; width: 26.6863%;\"><strong>Dynamic Analysis<\/strong><br \/>Session Chair: Graeme Smith<\/td>\n<td style=\"border: 1px solid #cccccc; padding: 12px; width: 56.305%;\">Random Testing of Model Checkers for Timed Automata with Automated Oracle Generation<br \/><em>Andrea Manini, Matteo Rossi and Pierluigi San Pietro<\/em><\/td>\n<\/tr>\n<tr>\n<td style=\"border: 1px solid #cccccc; padding: 12px; width: 16.8621%; text-align: center;\">11:30 &#8211; 12:00<\/td>\n<td style=\"border: 1px solid #cccccc; padding: 12px; width: 56.305%;\">State Significance-Guided Fuzzing for Stateful Protocol Program<br \/><em>Kunpeng Jian, Yanyan Zou, Chen Wang, Ning Li, Menghao Li and Wei Huo<\/em><\/td>\n<\/tr>\n<tr>\n<td style=\"border: 1px solid #cccccc; padding: 12px; width: 16.8621%; text-align: center;\">12:00 &#8211; 12:30<\/td>\n<td style=\"border: 1px solid #cccccc; padding: 12px; width: 56.305%;\">Unleash the Hidden Power of CAR-based Model Checking through Dynamic Traversal<br \/><em>Yibo Dong, Yu Chen, Jianwen Li and Geguang Pu<\/em><\/td>\n<\/tr>\n<\/tbody>\n<\/table>\n<p>[\/et_pb_tab][\/et_pb_tabs][\/et_pb_column][\/et_pb_row][\/et_pb_section]<\/p>\n","protected":false},"excerpt":{"rendered":"<p>ProgramMonday Schedule Time Session Talk 9:00 &#8211; 10:00 Invited talk by Konstantinos Sagonas Session Chair: Philipp R\u00fcmmer Optimal Algorithms for Stateless Model Checking 10:00 &#8211; 10:30 Program Verification Session Chair: Philipp R\u00fcmmer Testing-Based Formal Verification with Program Slicing on Functional Soundness and Completeness Ai Liu, Yang Liu, Shaoying Liu and Zhibin Yang Coffee break 11:00 &#8211; 11:30 Program Verification Session Chair: Konstantinos Sagonas Dependent Assertion Logic for Modular Software Verification Lukas Gr\u00e4tz 11:30 &#8211; 12:00 A Formal Framework for Naturally Specifying and Verifying Sequential Algorithms Chengxi Yang, Shushu Wu and Qinxiang Cao 12:00 &#8211; 12:30 Machine-Checked Compositional Specification and Proofs for Embedded Systems Karl Palmskog, Mattias Nyberg and Dilian Gurov Lunch break 14:00 &#8211; 14:30 Verification and Concurrency Session Chair: Shaoying Liu Failure divergence refinement for Event-B Sebastian Stock, Michael Leuschel and Atif Mashkoor 14:30 &#8211; 15:00 Mining Diamonds in labeled Transition Systems Flip van Spaendonck and Kevin Jilissen 15:00 &#8211; 15:30 Portability of Optimizations from SC to TSO Akshay Gopalakrishnan and Clark Verbrugge Coffee break 16:00 &#8211; 16:30 SAT and SMT Solving Session Chair: Lucas C. Cordeiro Adaptive Clause Management in SMT Solvers: A Dynamic Weighting Framework for Formal Verification Wenda Leng, Meihua Liu and Yufeng Jin 16:30 &#8211; [&hellip;]<\/p>\n","protected":false},"author":8,"featured_media":0,"parent":0,"menu_order":0,"comment_status":"closed","ping_status":"closed","template":"","meta":{"_et_pb_use_builder":"on","_et_pb_old_content":"","_et_gb_content_width":"","footnotes":""},"_links":{"self":[{"href":"https:\/\/cyprusconferences.org\/tase2025\/wp-json\/wp\/v2\/pages\/52"}],"collection":[{"href":"https:\/\/cyprusconferences.org\/tase2025\/wp-json\/wp\/v2\/pages"}],"about":[{"href":"https:\/\/cyprusconferences.org\/tase2025\/wp-json\/wp\/v2\/types\/page"}],"author":[{"embeddable":true,"href":"https:\/\/cyprusconferences.org\/tase2025\/wp-json\/wp\/v2\/users\/8"}],"replies":[{"embeddable":true,"href":"https:\/\/cyprusconferences.org\/tase2025\/wp-json\/wp\/v2\/comments?post=52"}],"version-history":[{"count":39,"href":"https:\/\/cyprusconferences.org\/tase2025\/wp-json\/wp\/v2\/pages\/52\/revisions"}],"predecessor-version":[{"id":244286,"href":"https:\/\/cyprusconferences.org\/tase2025\/wp-json\/wp\/v2\/pages\/52\/revisions\/244286"}],"wp:attachment":[{"href":"https:\/\/cyprusconferences.org\/tase2025\/wp-json\/wp\/v2\/media?parent=52"}],"curies":[{"name":"wp","href":"https:\/\/api.w.org\/{rel}","templated":true}]}}